nvert -102221421 (base 5) to base 7.
-3436340
What is 1b3b1 (base 16) in base 3?
12200000000
Convert 196a05 (base 11) to base 14.
7c0cd
Convert -22631636 (base 9) to base 10.
-11004045
Convert 2000312110 (base 4) to base 11.
330576
Convert -1000010110110110001 (base 2) to base 7.
-2220241
43067434 (base 8) to base 4
203012330130
Convert -14002304 (base 5) to base 13.
-4c208
What is 621b (base 14) in base 10?
16881
3088989 (base 11) to base 3
101020120021111
-88354 (base 9) to base 2
-1110010011110100
18723 (base 15) to base 10
79233
Convert -112200210001102 (base 3) to base 2.
-11101110010101100010111
5038304 (base 10) to base 3
100110222020212
-6a4ec6 (base 15) to base 10
-5079336
-111101101011100110 (base 2) to base 5
-31041041
-413205431 (base 6) to base 3
-111110112001001
What is 951357 (base 10) in base 7?
11041431
-101011222 (base 4) to base 8
-210552
100110100100011011110111 (base 2) to base 8
46443367
Convert -2500 (base 7) to base 3.
-1021111
Convert 106118 (base 10) to base 7.
621245
Convert -2851818 (base 9) to base 5.
-400210343
Convert a1b46 (base 12) to base 9.
351050
Convert -1a0324 (base 13) to base 2.
-10100000100000100000
-117c (base 15) to base 13
-18cc
What is 102201210022 (base 3) in base 4?
320120123
Convert -547c60 (base 13) to base 7.
-22620325
4b19 (base 15) to base 2
11111001111111
150303210 (base 6) to base 7
35243445
-63c06 (base 13) to base 2
-101011111100010111
Convert 22da0 (base 15) to base 5.
12023300
What is -333137 (base 8) in base 10?
-112223
What is -3021011200 (base 4) in base 8?
-3110540
What is -4d4d (base 16) in base 2?
-100110101001101
Convert -5014305 (base 6) to base 14.
-61bb3
What is -568455 (base 9) in base 13?
-bc189
-32003034 (base 7) to base 3
-12002112021120
What is -10223120310 (base 4) in base 2?
-100101011011000110100
-e810 (base 15) to base 14
-13c49
What is 17a795 (base 16) in base 5?
344101404
What is 31244454 (base 6) in base 4?
3131233102
What is -121000000022 (base 3) in base 14?
-82ab6
507a89 (base 11) to base 10
815879
712743 (base 9) to base 4
1213001100
Convert -211133335 (base 6) to base 11.
-20a6621
What is 310212303 (base 5) in base 4?
10302323303
-c092 (base 14) to base 8
-100440
What is 12310210 (base 4) in base 14?
a27a
What is 25297 (base 10) in base 11?
18008
What is -1054510 (base 8) in base 16?
-45948
What is -167248 (base 9) in base 14?
-29b2c
-1868a (base 16) to base 7
-564324
Convert 30232243 (base 5) to base 16.
3b487
What is -20224144 (base 6) in base 5?
-122011234
1b1672 (base 12) to base 3
220100220012
-1b610a6 (base 14) to base 5
-12000211421
4413201220 (base 5) to base 8
44207203
16c6606 (base 13) to base 10
7411501
Convert 22833 (base 12) to base 8.
132047
-13033022301 (base 4) to base 10
-1897137
Convert 158118 (base 16) to base 8.
5300430
Convert -11113102 (base 5) to base 12.
-487a6
Convert 2abced (base 16) to base 12.
b30a65
What is 10101000011000100111000 (base 2) in base 4?
111003010320
What is -372021 (base 9) in base 3?
-102102000201
Convert -42742574 (base 8) to base 4.
-202330111330
Convert 734320 (base 11) to base 12.
489165
Convert 1adc1 (base 15) to base 4.
111112321
Convert 1101100011111111110000 (base 2) to base 14.
68794c
What is -32bc09 (base 14) in base 12?
-6b1029
Convert -613402 (base 7) to base 15.
-20e4a
200223020123 (base 4) to base 3
121010011100102
What is -12031034 (base 6) in base 7?
-3131134
Convert 1043353411 (base 6) to base 11.
6464a5a
Convert 1322265 (base 8) to base 5.
43313340
40145 (base 7) to base 15
2d0b
Convert 80567 (base 9) to base 10.
52954
-63519 (base 12) to base 9
-217713
-222130034 (base 5) to base 13
-2812c4
Convert -138553 (base 9) to base 5.
-10210032
What is 34014311 (base 5) in base 6?
10220001
500c36 (base 13) to base 15
26aa28
What is -32444110 (base 5) in base 16?
-44a43
What is 82630 (base 11) in base 13?
42b40
What is -4311066 (base 12) in base 3?
-212220212220220
What is -467737 (base 9) in base 16?
-44ab2
What is -870d (base 16) in base 14?
-c857
2dd99b (base 14) to base 12
659299
Convert 31031143 (base 6) to base 4.
3121130013
What is -8276846 (base 9) in base 4?
-100313100021
What is 891531 (base 10) in base 7?
10402134
-4257367 (base 8) to base 13
-30b230
-18126 (base 16) to base 6
-2040250
Convert -14191417 (base 10) to base 3.
-222200222222001
-14322623 (base 8) to base 6
-153423111
-29765 (base 14) to base 4
-121021031
Convert 102136 (base 10) to base 7.
603526
-615671 (base 8) to base 2
-110001101110111001
Convert -1111110100110001011 (base 2) to base 3.
-222100022011
What is -213000 (base 14) in base 12?
-461588
Convert 12249 (base 14) to base 10.
44361
300331441 (base 6) to base 5
2244111244
Convert 2593395 (base 12) to base 5.
3344032411
Convert 1040553 (base 6) to base 16.
cb55
What is 6674952 (base 10) in base 4?
121131220020
Convert 112001000010 (base 3) to base 2.
1000011011101000110
Convert -2132112 (base 6) to base 15.
-213a2
What is 111101110101111 (base 2) in base 10?
31663
Convert 46699 (base 15) to base 7.
1622526
1000211012102 (base 3) to base 11
344491
-1221206 (base 8) to base 3
-122002121122
173108 (base 14) to base 15
1117ec
-2021022210 (base 3) to base 14
-12414
Convert -112331150 (base 6) to base 12.
-843ab6
-1101000000100110101 (base 2) to base 4
-1220010311
-1110101101100 (base 2) to base 8
-16554
14850 (base 14) to base 15
101c0
Convert -102146414 (base 7) to base 13.
-133112c
1002121211012010 (base 3) to base 12
5332579
What is 1701a (base 14) in base 10?
57648
Convert -502532 (base 7) to base 8.
-245775
What is -4cd701 (base 15) in base 8?
-16047723
-434e5 (base 16) to base 15
-56a40
What is 592a7e (base 16) in base 9?
11885788
What is -27f4b (base 16) in base 10?
-163659
What is -44076523 (base 8) in base 2?
-100100000111110101010011
Convert -1115024 (base 6) to base 7.
-324445
Convert -301121011 (base 4) to base 2.
-110001011001000101
What is -13765525 (base 8) in base 10?
-3140437
Convert 1735210 (base 9) to base 11.
601538
Convert -2406231 (base 9) to base 10.
-1303642
-10010011111001100 (base 2) to base 15
-17684
-714716 (base 8) to base 3
-102222201002
1001100000100011000110 (base 2) to base 3
11200122020001
What is -20213231100 (base 4) in base 11?
-13038a7
29a5492 (base 11) to base 9
10613264
What is -1210010031 (base 4) in base 12?
-179239
11522302 (base 6) to base 9
621562
Convert 10005422 (base 6) to base 2.
1000100101001010110
-4314432 (base 5) to base 10
-73117
Convert 31123100222 (base 4) to base 6.
203234042
What is 111121102001 (base 3) in base 11?
173262
What is -3354e1 (base 16) in base 11?
-1998521
Convert -2404442 (base 6) to base 10.
-125450
Convert -2111201 (base 5) to base 13.
-1301b
Convert -323073 (base 10) to base 13.
-b408a
Convert 556b5 (base 12) to base 13.
3c770
3200133111 (base 4) to base 15
1326a9
What is 134d11 (base 15) in base 6?
31514511
Convert -2221300 (base 7) to base 16.
-42f1c
10011101100111011011010 (base 2) to base 7
61620421
Convert 3742 (base 12) to base 2.
1100001100010
What is -15263466 (base 7) in base 2?
-101100100101101011001
-7497ba (base 16) to base 5
-3424003033
Convert -36132152 (base 7) to base 9.
-6018325
Convert -466c95 (base 15) to base 5.
-1330124330
755544 (base 8) to base 12
102344
47142043 (base 8) to base 15
d7e16c
-8956925 (base 10) to base 12
-2bbb4a5
12123245 (base 7) to base 2
100001000000100001010
Convert -2032330200 (base 4) to base 8.
-2167440
Convert -246477 (base 8) to base 15.
-1a426
Convert -666504 (base 7) to base 5.
-12230210
What is 2022112302 (base 4) in base 3?
1001210101010
What is -6243645 (base 7) in base 6?
-24030220
5670532 (base 8) to base 2
101110111000101011010
What is 10043203 (base 5) in base 12?
3aaa5
What is 2ac36 (base 14) in base 4?
122002300
What is 686116 (base 14) in base 9?
6611882
Convert 792657 (base 10) to base 8.
3014121
What is 121131 (base 5) in base 3?
20020012
Convert -22785 (base 15) to base 8.
-326204
2340313 (base 5) to base 10
43208
Convert 8102b4 (base 12) to base 5.
1003334231
What is -214675 (base 10) in base 15?
-4391a
What is -51566 (base 7) in base 5?
-401031
Convert 1c563 (base 16) to base 10.
116067
-106a83 (base 11) to base 6
-3352334
19144 (base 11) to base 15
7e0e
Convert 176875 (base 10) to base 13.
6267a
-20001032222 (base 4) to base 5
-1014232221
W